he prime factors of a?
2, 3, 29
Let n(u) = u**3 + 2*u**2 + 3*u - 9. Let w(t) be the first derivative of -2*t**3/3 - 11*t**2 + 3*t - 13. Let k be w(-11). List the prime factors of n(k).
3, 5
Let q(f) = -15 + 4*f**2 + f**2 + 0*f**2 - 4*f**2 + 6*f. List the prime factors of q(5).
2, 5
What are the prime factors of -6 + 2/3 + 21441*16/144?
2377
Suppose 5 = 5*w - 4*x, -w - 2*x - 5 = -6*w. Let f be (w/(-3))/(-1 - (-12)/9). What are the prime factors of (2 - f) + (0 - (4 - 62))?
61
Let c = -152 - -157. Suppose -5*r - 5 - 25 = 5*t, 4*t = c*r - 6. List the prime factors of 318*(-84)/(-99) - r/11.
2, 3, 5
Let i = 148 + -161. Let l(v) = -v**3 - 6*v**2 + 17*v + 36. List the prime factors of l(i).
2, 499
What are the prime factors of (-25196)/8*(-12)/30*5?
6299
Suppose 0 = -16*g + 267 - 59. Let u be (g + -12)*(2 + 1 - 0). Suppose 453 = 5*p - u*w, 2*w + 2*w + 454 = 5*p. What are the prime factors of p?
2, 3, 5
Let s(q) be the third derivative of 7*q**6/120 - q**5/30 + 3*q**3 + 52*q**2. What are the prime factors of s(4)?
2, 7, 31
Suppose w = -3*x + 48, -2*w + 3*x + 86 = -28. Suppose -o = -w + 11. List the prime factors of o.
43
Let y(n) = -n**2 + 17*n - 3. Let s be y(7). Let o = 169 + s. Let u = o + -139. List the prime factors of u.
97
Let l = 176 + -174. Suppose -s - 4*g = -6*g - 3, 0 = -4*s - l*g + 62. What are the prime factors of s?
13
Suppose 3*k - 364 = -4*q - 1225, 4*k + 4*q = -1148. Let a = 199 + k. What are the prime factors of -2 - ((-2)/(-2) - 1) - a?
2, 43
Suppose c - 14*c + 427840 = 19*c. List the prime factors of c.
2, 5, 7, 191
Let n = -5731 + 19615. List the prime factors of n.
2, 3, 13, 89
Suppose r + 3*r + 4 = -4*s, 3*r = 4*s + 18. Let v(o) = -4*o**3 - 5*o**2 + 5*o - 1. Let u be v(r). Let w = u + 115. List the prime factors of w.
2, 3
Let o = -156 - -160. Let l(i) = 174*i - 69. List the prime factors of l(o).
3, 11, 19
Let w = 34134 + -3644. What are the prime factors of w?
2, 5, 3049
Let w(r) = 2*r**2 + 25*r - 17. Let t be w(-14). Let q be t*(-1)/2 + 12/24. What are the prime factors of 3/q - (-3750)/24?
2, 3, 13
Let i(o) = o**2 - 6*o - 30. Suppose -4*l + 36 = -3*r - 3*l, -3*r - 2*l = 27. List the prime factors of i(r).
157
Let v(u) be the first derivative of u**4/4 + 5*u**3/3 - u**2 - u + 56. Let c(o) = o + 1. Let n be c(-4). List the prime factors of v(n).
23
Let j be (-1)/4 + (-45)/12. Suppose 0 = -4*w + v + 22, -3*v + 23 - 11 = w. List the prime factors of 348/w - (j - 0).
2, 31
Let v = -151 - -160. Suppose -2574 - 468 = -v*t. What are the prime factors of t?
2, 13
Suppose 3*o - 16 = -2*w, -14*o - w = -13*o - 6. Suppose -q = -2*f + 4, 13 = o*f + 1. What are the prime factors of q - (-4 + -75 + -1)?
2, 41
Suppose 3967*q = 3966*q + 12439. List the prime factors of q.
7, 1777
Let l = -194 + 192. Let g(j) = 3*j. Let i be g(9). List the prime factors of i*((-28)/(-6) + l).
2, 3
Suppose -2*a + 6 = 0, n - 11*a - 10 = -13*a. Suppose 4*s + 2379 = 3*w - s, w + n*s = 810. List the prime factors of w.
2, 3, 7, 19
Suppose -5*y = -a + 95, 8*y + 218 = 2*a + 12*y. Let i = a + -8. What are the prime factors of i?
97
Suppose -28*x = -248 + 80. What are the prime factors of 8502/9 + 4 + (-22)/x?
3, 5, 7
Let s be (1*4)/((14 - 12)*1). Suppose -s*i = -3*h + 864, -2*h + 5*i + 1435 = 3*h. List the prime factors of h.
2, 5, 29
Let n be (24/(-14))/(10/105). List the prime factors of ((-4)/6)/(n/4887).
181
Let t be (0 - 1)*(0/(-2) + -3). Suppose t*h = -3*h + 1080. Suppose -3*n + 486 + h = 0. List the prime factors of n.
2, 3, 37
Suppose -3*b + 9*b - 7022 = 6712. What are the prime factors of b?
3, 7, 109
Suppose -2*o = -m - 33738, 17538 = o + 2*m + 664. List the prime factors of o.
2, 5, 7, 241
Suppose 25*h + 182 = 18*h. Let t(s) = s**2 - 29*s - 116. List the prime factors of t(h).
2, 3, 73
List the prime factors of 44709/(-2)*(-28 + 26).
3, 7, 2129
Suppose -2*i = 2*b - 2, -2*b = -5*b - 12. Suppose 4*k = -i*h + 2292, -581 = -2*h + 2*k + 343. Suppose 2*d = -3*d + h. List the prime factors of d.
2, 23
Let t be 76*(2/5)/((-6)/30). Let v be (-41)/(5 - 12/3). Let h = v - t. List the prime factors of h.
3, 37
Suppose -24910 = -5*o - 5*s, 4*o - 3*s - 23394 = -3459. List the prime factors of o.
3, 11, 151
Let t = 604 + 184. Suppose -17*m + t = 108. What are the prime factors of m?
2, 5
Let p(u) = -150*u + 1197. List the prime factors of p(-38).
3, 11, 19
Let i = 12588 - 7401. What are the prime factors of i?
3, 7, 13, 19
Let y be 35/7 - -719 - 2/2. Let s = y - 174. What are the prime factors of s?
3, 61
What are the prime factors of (5842031/3180 + (-4)/(-30))*24?
2, 3, 7349
Suppose -73*z = -64*z. Suppose 153*c - 151*c - 54 = z. What are the prime factors of c?
3
Let g(f) = -2*f**3 - 47*f**2 - 596*f - 20. List the prime factors of g(-19).
3, 5, 179
Let y(u) = 1710*u - 9912. List the prime factors of y(13).
2, 3, 2053
Let g = 1134 - 776. List the prime factors of g*((-3)/(-14) - 8/(-28)).
179
Suppose 38*j + 98136 = 80*j + 190*j. What are the prime factors of j?
3, 47
List the prime factors of -12*35/840 + (66190/4 - -1).
2, 3, 7, 197
Let f = -35 - -155. Let s = f - 81. What are the prime factors of s?
3, 13
Suppose 2*b - 545 = -r, r - 2*r = -b + 277. Suppose 978 - b = 4*l. Let k = l + -82. List the prime factors of k.
2, 47
List the prime factors of 25134/10 + ((-2825)/(-125) - 22).
2, 3, 419
Suppose -25*v + 97520 = -121792 + 24712. List the prime factors of v.
2, 7, 139
Suppose 5*l + 2167 = 2*l - m, -2*l - 1436 = 5*m. Let c = l + 1058. List the prime factors of c.
5, 67
Let d(z) = 9*z + 49*z - 19 - 23 + 10 + 112*z. What are the prime factors of d(6)?
2, 13, 19
Let s(w) = -2*w**2 - 14*w + 9. Let p be s(-7). Suppose p*f - 13 = 23. Suppose -3*y + 8*y = f*x + 88, 2*x = -5*y + 76. List the prime factors of y.
2
Suppose -9*o = -5*o - 3*w - 28, 3*o + 2*w - 4 = 0. Suppose 2*j + 2*u - 1436 = 0, 2837 = o*j + 2*u - 5*u. What are the prime factors of j?
23, 31
Let h(i) = -i**3 + 26*i**2 + i - 53. Let z be h(26). List the prime factors of 3/z + (-5187)/(-27).
2, 3
Let u(l) = 2*l**2 - 53*l - 22. Let t be u(27). Suppose -800 = -t*h + 5*z, -5*h + 3*z + 75 = -731. List the prime factors of h.
163
Let r(x) = -x**3 + x**2 + 11*x + 18. Let h be r(-2). List the prime factors of (-51243)/(-124) - ((-6)/h - -1).
7, 59
Suppose -2*m + 3*f = 361, 24*m - 546 = 27*m - 3*f. List the prime factors of -1 + 1 - m/1.
5, 37
Suppose 13 = -6*v + 5*v. Let k(l) = -2*l - 26. Let b be k(v). Suppose 8*r - 12*r + 308 = b. What are the prime factors of r?
7, 11
Let w(s) = -9*s**2 + 13*s + 145. Let k(v) = -47*v**2 + 64*v + 724. Let h(c) = 2*k(c) - 11*w(c). What are the prime factors of h(-9)?
3, 131
Let g(x) = x**3 - 16*x**2 - 10*x + 7. Let v be g(17). What are the prime factors of 3412/10 + v/(-105)?
2, 5, 17
Let b = 100 - 104. Let f = 8 + b. What are the prime factors of 3 - ((8 - 16/f) + -204)?
7, 29
Let d(v) = -3*v - 1. Let w be d(-3). Let r be (-2)/4*(w - 94). Let z = 96 - r. What are the prime factors of z?
53
What are the prime factors of -35356*((-36)/24 + -1)?
2, 5, 8839
Let d(j) = -j - 9. Let g be d(-7). Let m be g/(-6) - 45/(-27). Suppose 0 = m*v + 17 - 189. List the prime factors of v.
2, 43
What are the prime factors of (-144604)/(-2)*((-90)/(-12) - 7)?
36151
Let n be -4 - ((-85)/25 + 3)*-95. What are the prime factors of 56/n*(-873)/6?
2, 97
Let w(c) = -60*c**3 - c**2 - 1. Let n(z) = -62*z**3 - z**2 - 1. Let o(l) = -5*n(l) + 4*w(l). List the prime factors of o(2).
5, 113
Suppose -2*l - 9 = -5*l. Suppose 4*d - 30 = l*r - 162, -2*d = 2*r - 88. List the prime factors of r/(-3)*(-10)/(120/18).
2, 11
Let b be (3/4)/((-2)/(-8)). Suppose -6*z + b = -3. List the prime factors of -1 + z + -3 + 79.
2, 19
Let m(w) be the second derivative of -w**4/6 - w**3/2 - w**2/2 - 20*w. Let c be m(3). Let x = 61 - c. List the prime factors of x.
89
Let z(t) be the first derivative of -t**4/4 + 7*t**3/3 + 19*t**2/2 - 12*t + 13. Let o be z(9). List the prime factors of (-404)/8*2/3*o.
101
What are the prime factors of (-1 + 66536/(-22))*(-54 + 43)?
3, 11093
Let o be 0 + (3 - -2) + -3. Let v be o/(-1) - (-1 - (-3)/(-1)). Suppose -3*w = -v*c - 397, -320 = -4*w - 3*c + 181. List the prime factors of w.
3, 43
Suppose -18*r = -30569 + 5. Let z = r - 803. List the prime factors of z.
5, 179
Let p(v) = v**3 + 74*v**2 + 65*v